{"id":1126,"date":"2020-05-06T18:38:44","date_gmt":"2020-05-06T18:38:44","guid":{"rendered":"https:\/\/mellifera.qodeinteractive.com\/?page_id=1126"},"modified":"2023-11-27T07:27:20","modified_gmt":"2023-11-27T07:27:20","slug":"about-us","status":"publish","type":"page","link":"https:\/\/aavph.ro\/index.php\/about-us\/","title":{"rendered":"Despre noi"},"content":{"rendered":"\t\t<div data-elementor-type=\"wp-page\" data-elementor-id=\"1126\" class=\"elementor elementor-1126\">\n\t\t\t\t\t\t<section class=\"elementor-section elementor-top-section elementor-element elementor-element-10eab67 elementor-section-full_width qodef-section-backgrounds-animation-yes elementor-section-height-default elementor-section-height-default qodef-elementor-content-no qodef-bees-holder-no\" data-id=\"10eab67\" data-element_type=\"section\" data-e-type=\"section\" data-settings=\"{&quot;background_background&quot;:&quot;classic&quot;}\">\n\t\t\t\t\t\t<div class=\"elementor-container elementor-column-gap-default\">\n\t\t\t\t\t<div class=\"elementor-column elementor-col-100 elementor-top-column elementor-element elementor-element-2bec7a4\" data-id=\"2bec7a4\" data-element_type=\"column\" data-e-type=\"column\">\n\t\t\t<div class=\"elementor-widget-wrap\">\n\t\t\t\t\t\t\t<\/div>\n\t\t<\/div>\n\t\t\t\t\t<\/div>\n\t\t<\/section>\n\t\t\t\t<section class=\"elementor-section elementor-top-section elementor-element elementor-element-c8f43aa qodef-elementor-content-grid elementor-section-boxed elementor-section-height-default elementor-section-height-default qodef-bees-holder-no qodef-section-backgrounds-animation-no\" data-id=\"c8f43aa\" data-element_type=\"section\" data-e-type=\"section\" data-settings=\"{&quot;background_background&quot;:&quot;classic&quot;}\">\n\t\t\t\t\t\t<div class=\"elementor-container elementor-column-gap-default\">\n\t\t\t\t\t<div class=\"elementor-column elementor-col-50 elementor-top-column elementor-element elementor-element-070f7e3\" data-id=\"070f7e3\" data-element_type=\"column\" data-e-type=\"column\">\n\t\t\t<div class=\"elementor-widget-wrap elementor-element-populated\">\n\t\t\t\t\t\t<div class=\"elementor-element elementor-element-8a263f3 elementor-widget elementor-widget-text-editor\" data-id=\"8a263f3\" data-element_type=\"widget\" data-e-type=\"widget\" data-widget_type=\"text-editor.default\">\n\t\t\t\t<div class=\"elementor-widget-container\">\n\t\t\t\t\t\t\t\t\t<p><strong>Asociatia noastra este<\/strong><\/p>\t\t\t\t\t\t\t\t<\/div>\n\t\t\t\t<\/div>\n\t\t\t\t<div class=\"elementor-element elementor-element-a6b3c27 elementor-widget elementor-widget-mellifera_core_custom_font\" data-id=\"a6b3c27\" data-element_type=\"widget\" data-e-type=\"widget\" data-widget_type=\"mellifera_core_custom_font.default\">\n\t\t\t\t<div class=\"elementor-widget-container\">\n\t\t\t\t\t<h4 class=\"qodef-shortcode qodef-m  qodef-custom-font qodef-custom-font-1 qodef-layout--simple\" >Membr\u0103 fondatoare a Federa\u0163iei Asociatiilor Apicole din Rom\u00e2nia ROMAPIS<\/h4>\t\t\t\t<\/div>\n\t\t\t\t<\/div>\n\t\t\t\t<div class=\"elementor-element elementor-element-e3a5c1b elementor-invisible elementor-widget elementor-widget-image\" data-id=\"e3a5c1b\" data-element_type=\"widget\" data-e-type=\"widget\" data-settings=\"{&quot;_animation&quot;:&quot;fadeIn&quot;}\" data-widget_type=\"image.default\">\n\t\t\t\t<div class=\"elementor-widget-container\">\n\t\t\t\t\t\t\t\t\t\t\t\t\t\t\t<img fetchpriority=\"high\" decoding=\"async\" width=\"600\" height=\"827\" src=\"https:\/\/aavph.ro\/wp-content\/uploads\/2020\/04\/h2-img-1.jpg\" class=\"attachment-large size-large wp-image-244\" alt=\"sdf\" srcset=\"https:\/\/aavph.ro\/wp-content\/uploads\/2020\/04\/h2-img-1.jpg 600w, https:\/\/aavph.ro\/wp-content\/uploads\/2020\/04\/h2-img-1-218x300.jpg 218w\" sizes=\"(max-width: 600px) 100vw, 600px\" \/>\t\t\t\t\t\t\t\t\t\t\t\t\t\t\t<\/div>\n\t\t\t\t<\/div>\n\t\t\t\t\t<\/div>\n\t\t<\/div>\n\t\t\t\t<div class=\"elementor-column elementor-col-50 elementor-top-column elementor-element elementor-element-1ea368b\" data-id=\"1ea368b\" data-element_type=\"column\" data-e-type=\"column\">\n\t\t\t<div class=\"elementor-widget-wrap elementor-element-populated\">\n\t\t\t\t\t\t<section class=\"elementor-section elementor-inner-section elementor-element elementor-element-6867a23 elementor-section-full_width elementor-section-height-default elementor-section-height-default qodef-elementor-content-no qodef-bees-holder-no qodef-section-backgrounds-animation-no\" data-id=\"6867a23\" data-element_type=\"section\" data-e-type=\"section\">\n\t\t\t\t\t\t<div class=\"elementor-container elementor-column-gap-default\">\n\t\t\t\t\t<div class=\"elementor-column elementor-col-50 elementor-inner-column elementor-element elementor-element-23bac84\" data-id=\"23bac84\" data-element_type=\"column\" data-e-type=\"column\">\n\t\t\t<div class=\"elementor-widget-wrap elementor-element-populated\">\n\t\t\t\t\t\t<div class=\"elementor-element elementor-element-6f97452 elementor-widget elementor-widget-wp-widget-text\" data-id=\"6f97452\" data-element_type=\"widget\" data-e-type=\"widget\" data-widget_type=\"wp-widget-text.default\">\n\t\t\t\t<div class=\"elementor-widget-container\">\n\t\t\t\t\t\t\t\t<div class=\"textwidget\"><p>Asocia\u0163ia Apicol\u0103 Valea Prahovei a luat fiin\u0163\u0103 \u00een 2006, cu 33 de membrii fondatori av\u00e2nd ca obiective:<\/p>\n<p>Facilitarea valorific\u0103rii produselor ob\u0163inute de membrii asocia\u0163i \u015fi aprovizionarea acestora cu cele necesare desf\u0103\u015fur\u0103rii activit\u0103\u0163ii.<\/p>\n<p>Crearea de facilit\u0103\u0163i necesare desf\u0103\u015fur\u0103rii activit\u0103\u0163ii (contracte, baze melifere, transport, prelucrare, ambalare)<\/p>\n<p>Sprijinirea membrilor asocia\u0163i pentru participarea la t\u00e2rguri \u015fi expozi\u0163ii.<\/p>\n<p>Organizarea de cursuri de preg\u0103tire \u015fi calificare.<\/p>\n<p>Organizarea de simpozioane, expozi\u0163ii, conferin\u0163e.<\/p>\n<\/div>\n\t\t\t\t\t\t<\/div>\n\t\t\t\t<\/div>\n\t\t\t\t\t<\/div>\n\t\t<\/div>\n\t\t\t\t<div class=\"elementor-column elementor-col-50 elementor-inner-column elementor-element elementor-element-0ca2d0d\" data-id=\"0ca2d0d\" data-element_type=\"column\" data-e-type=\"column\">\n\t\t\t<div class=\"elementor-widget-wrap elementor-element-populated\">\n\t\t\t\t\t\t<div class=\"elementor-element elementor-element-c2fa451 elementor-widget elementor-widget-image\" data-id=\"c2fa451\" data-element_type=\"widget\" data-e-type=\"widget\" data-widget_type=\"image.default\">\n\t\t\t\t<div class=\"elementor-widget-container\">\n\t\t\t\t\t\t\t\t\t\t\t\t<figure class=\"wp-caption\">\n\t\t\t\t\t\t\t\t\t\t<img decoding=\"async\" width=\"600\" height=\"827\" src=\"https:\/\/aavph.ro\/wp-content\/uploads\/2020\/04\/h2-img-2.jpg\" class=\"attachment-large size-large wp-image-245\" alt=\"sdf\" srcset=\"https:\/\/aavph.ro\/wp-content\/uploads\/2020\/04\/h2-img-2.jpg 600w, https:\/\/aavph.ro\/wp-content\/uploads\/2020\/04\/h2-img-2-218x300.jpg 218w\" sizes=\"(max-width: 600px) 100vw, 600px\" \/>\t\t\t\t\t\t\t\t\t\t\t<figcaption class=\"widget-image-caption wp-caption-text\"><\/figcaption>\n\t\t\t\t\t\t\t\t\t\t<\/figure>\n\t\t\t\t\t\t\t\t\t<\/div>\n\t\t\t\t<\/div>\n\t\t\t\t\t<\/div>\n\t\t<\/div>\n\t\t\t\t\t<\/div>\n\t\t<\/section>\n\t\t\t\t<div class=\"elementor-element elementor-element-5df1972 elementor-widget elementor-widget-wp-widget-text\" data-id=\"5df1972\" data-element_type=\"widget\" data-e-type=\"widget\" data-widget_type=\"wp-widget-text.default\">\n\t\t\t\t<div class=\"elementor-widget-container\">\n\t\t\t\t\t\t\t\t<div class=\"textwidget\"><p>\u00cen 2006 AAVPH a organizat \u015fi manifestarea \u201cZilele Mierii\u201d ocazie cu care apicultorii au d\u0103ruit copiilor din \u015fcoli \u015fi gr\u0103dini\u0163e circa 300 kg de miere, obicei permanentizat an de an.<\/p>\n<p>Asocia\u0163ia noastr\u0103 a militat permanent pentru drepturile apicultorilor \u015fi s-a implicat \u00een promovarea mierii \u015fi a unei alimenta\u0163ii s\u0103n\u0103toase<\/p>\n<\/div>\n\t\t\t\t\t\t<\/div>\n\t\t\t\t<\/div>\n\t\t\t\t\t<\/div>\n\t\t<\/div>\n\t\t\t\t\t<\/div>\n\t\t<\/section>\n\t\t\t\t<section class=\"elementor-section elementor-top-section elementor-element elementor-element-f420fc2 elementor-section-boxed elementor-section-height-default elementor-section-height-default qodef-elementor-content-no qodef-bees-holder-no qodef-section-backgrounds-animation-no\" data-id=\"f420fc2\" data-element_type=\"section\" data-e-type=\"section\">\n\t\t\t\t\t\t<div class=\"elementor-container elementor-column-gap-default\">\n\t\t\t\t\t<div class=\"elementor-column elementor-col-100 elementor-top-column elementor-element elementor-element-14af142\" data-id=\"14af142\" data-element_type=\"column\" data-e-type=\"column\">\n\t\t\t<div class=\"elementor-widget-wrap elementor-element-populated\">\n\t\t\t\t\t\t<section class=\"elementor-section elementor-inner-section elementor-element elementor-element-64c3e3b qodef-elementor-content-grid qodef-section-backgrounds-animation-yes elementor-section-boxed elementor-section-height-default elementor-section-height-default qodef-bees-holder-no\" data-id=\"64c3e3b\" data-element_type=\"section\" data-e-type=\"section\">\n\t\t\t\t\t\t<div class=\"elementor-container elementor-column-gap-default\">\n\t\t\t\t\t<div class=\"elementor-column elementor-col-100 elementor-inner-column elementor-element elementor-element-c67762e\" data-id=\"c67762e\" data-element_type=\"column\" data-e-type=\"column\">\n\t\t\t<div class=\"elementor-widget-wrap elementor-element-populated\">\n\t\t\t\t\t\t<div class=\"elementor-element elementor-element-c4aa8b8 elementor-widget elementor-widget-mellifera_core_section_title\" data-id=\"c4aa8b8\" data-element_type=\"widget\" data-e-type=\"widget\" data-widget_type=\"mellifera_core_section_title.default\">\n\t\t\t\t<div class=\"elementor-widget-container\">\n\t\t\t\t\t<div class=\"qodef-shortcode qodef-m  qodef-section-title qodef-alignment--center \">\n\t\t<h2 class=\"qodef-m-title\" >\n\t\t\t\t\tmembrii asociatiei noastre\t\t\t<\/h2>\n\t\t<p class=\"qodef-m-text\" style=\"margin-top: 14px\">va stau la dispozitie cu orice informatie<\/p>\n<\/div>\t\t\t\t<\/div>\n\t\t\t\t<\/div>\n\t\t\t\t\t<\/div>\n\t\t<\/div>\n\t\t\t\t\t<\/div>\n\t\t<\/section>\n\t\t\t\t<div class=\"elementor-element elementor-element-845ed2e elementor-widget elementor-widget-image-gallery\" data-id=\"845ed2e\" data-element_type=\"widget\" data-e-type=\"widget\" data-widget_type=\"image-gallery.default\">\n\t\t\t\t<div class=\"elementor-widget-container\">\n\t\t\t\t\t\t\t<div class=\"elementor-image-gallery\">\n\t\t\t\n\t\t<style type=\"text\/css\">\n\t\t\t#gallery-1 {\n\t\t\t\tmargin: auto;\n\t\t\t}\n\t\t\t#gallery-1 .gallery-item {\n\t\t\t\tfloat: left;\n\t\t\t\tmargin-top: 10px;\n\t\t\t\ttext-align: center;\n\t\t\t\twidth: 20%;\n\t\t\t}\n\t\t\t#gallery-1 img {\n\t\t\t\tborder: 2px solid #cfcfcf;\n\t\t\t}\n\t\t\t#gallery-1 .gallery-caption {\n\t\t\t\tmargin-left: 0;\n\t\t\t}\n\t\t\t\/* see gallery_shortcode() in wp-includes\/media.php *\/\n\t\t<\/style>\n\t\t<div id='gallery-1' class='gallery galleryid-1126 gallery-columns-5 gallery-size-qi_addons_for_elementor_image_size_square'><dl class='gallery-item'>\n\t\t\t<dt class='gallery-icon landscape'>\n\t\t\t\t<a data-elementor-open-lightbox=\"yes\" data-elementor-lightbox-slideshow=\"845ed2e\" data-elementor-lightbox-title=\"WhatsApp Image 2022-12-08 at 10.03.24\" data-e-action-hash=\"#elementor-action%3Aaction%3Dlightbox%26settings%3DeyJpZCI6Mjg2OSwidXJsIjoiaHR0cHM6XC9cL2FhdnBoLnJvXC93cC1jb250ZW50XC91cGxvYWRzXC8yMDIyXC8xMlwvV2hhdHNBcHAtSW1hZ2UtMjAyMi0xMi0wOC1hdC0xMC4wMy4yNC5qcGVnIiwic2xpZGVzaG93IjoiODQ1ZWQyZSJ9\" href='https:\/\/aavph.ro\/wp-content\/uploads\/2022\/12\/WhatsApp-Image-2022-12-08-at-10.03.24.jpeg'><img decoding=\"async\" width=\"650\" height=\"650\" src=\"https:\/\/aavph.ro\/wp-content\/uploads\/2022\/12\/WhatsApp-Image-2022-12-08-at-10.03.24-650x650.jpeg\" class=\"attachment-qi_addons_for_elementor_image_size_square size-qi_addons_for_elementor_image_size_square\" alt=\"\" srcset=\"https:\/\/aavph.ro\/wp-content\/uploads\/2022\/12\/WhatsApp-Image-2022-12-08-at-10.03.24-650x650.jpeg 650w, https:\/\/aavph.ro\/wp-content\/uploads\/2022\/12\/WhatsApp-Image-2022-12-08-at-10.03.24-150x150.jpeg 150w\" sizes=\"(max-width: 650px) 100vw, 650px\" \/><\/a>\n\t\t\t<\/dt><\/dl><dl class='gallery-item'>\n\t\t\t<dt class='gallery-icon landscape'>\n\t\t\t\t<a data-elementor-open-lightbox=\"yes\" data-elementor-lightbox-slideshow=\"845ed2e\" data-elementor-lightbox-title=\"WhatsApp Image 2022-12-08 at 09.53.40\" data-e-action-hash=\"#elementor-action%3Aaction%3Dlightbox%26settings%3DeyJpZCI6Mjg2MSwidXJsIjoiaHR0cHM6XC9cL2FhdnBoLnJvXC93cC1jb250ZW50XC91cGxvYWRzXC8yMDIyXC8xMlwvV2hhdHNBcHAtSW1hZ2UtMjAyMi0xMi0wOC1hdC0wOS41My40MC5qcGVnIiwic2xpZGVzaG93IjoiODQ1ZWQyZSJ9\" href='https:\/\/aavph.ro\/wp-content\/uploads\/2022\/12\/WhatsApp-Image-2022-12-08-at-09.53.40.jpeg'><img loading=\"lazy\" decoding=\"async\" width=\"650\" height=\"650\" src=\"https:\/\/aavph.ro\/wp-content\/uploads\/2022\/12\/WhatsApp-Image-2022-12-08-at-09.53.40-650x650.jpeg\" class=\"attachment-qi_addons_for_elementor_image_size_square size-qi_addons_for_elementor_image_size_square\" alt=\"\" srcset=\"https:\/\/aavph.ro\/wp-content\/uploads\/2022\/12\/WhatsApp-Image-2022-12-08-at-09.53.40-650x650.jpeg 650w, https:\/\/aavph.ro\/wp-content\/uploads\/2022\/12\/WhatsApp-Image-2022-12-08-at-09.53.40-150x150.jpeg 150w\" sizes=\"(max-width: 650px) 100vw, 650px\" \/><\/a>\n\t\t\t<\/dt><\/dl><dl class='gallery-item'>\n\t\t\t<dt class='gallery-icon landscape'>\n\t\t\t\t<a data-elementor-open-lightbox=\"yes\" data-elementor-lightbox-slideshow=\"845ed2e\" data-elementor-lightbox-title=\"WhatsApp Image 2022-12-08 at 09.53.40 (2)\" data-e-action-hash=\"#elementor-action%3Aaction%3Dlightbox%26settings%3DeyJpZCI6Mjg1OSwidXJsIjoiaHR0cHM6XC9cL2FhdnBoLnJvXC93cC1jb250ZW50XC91cGxvYWRzXC8yMDIyXC8xMlwvV2hhdHNBcHAtSW1hZ2UtMjAyMi0xMi0wOC1hdC0wOS41My40MC0yLmpwZWciLCJzbGlkZXNob3ciOiI4NDVlZDJlIn0%3D\" href='https:\/\/aavph.ro\/wp-content\/uploads\/2022\/12\/WhatsApp-Image-2022-12-08-at-09.53.40-2.jpeg'><img loading=\"lazy\" decoding=\"async\" width=\"650\" height=\"650\" src=\"https:\/\/aavph.ro\/wp-content\/uploads\/2022\/12\/WhatsApp-Image-2022-12-08-at-09.53.40-2-650x650.jpeg\" class=\"attachment-qi_addons_for_elementor_image_size_square size-qi_addons_for_elementor_image_size_square\" alt=\"\" srcset=\"https:\/\/aavph.ro\/wp-content\/uploads\/2022\/12\/WhatsApp-Image-2022-12-08-at-09.53.40-2-650x650.jpeg 650w, https:\/\/aavph.ro\/wp-content\/uploads\/2022\/12\/WhatsApp-Image-2022-12-08-at-09.53.40-2-150x150.jpeg 150w\" sizes=\"(max-width: 650px) 100vw, 650px\" \/><\/a>\n\t\t\t<\/dt><\/dl><dl class='gallery-item'>\n\t\t\t<dt class='gallery-icon landscape'>\n\t\t\t\t<a data-elementor-open-lightbox=\"yes\" data-elementor-lightbox-slideshow=\"845ed2e\" data-elementor-lightbox-title=\"WhatsApp Image 2022-12-08 at 09.53.40 (1)\" data-e-action-hash=\"#elementor-action%3Aaction%3Dlightbox%26settings%3DeyJpZCI6Mjg1OCwidXJsIjoiaHR0cHM6XC9cL2FhdnBoLnJvXC93cC1jb250ZW50XC91cGxvYWRzXC8yMDIyXC8xMlwvV2hhdHNBcHAtSW1hZ2UtMjAyMi0xMi0wOC1hdC0wOS41My40MC0xLmpwZWciLCJzbGlkZXNob3ciOiI4NDVlZDJlIn0%3D\" href='https:\/\/aavph.ro\/wp-content\/uploads\/2022\/12\/WhatsApp-Image-2022-12-08-at-09.53.40-1.jpeg'><img loading=\"lazy\" decoding=\"async\" width=\"650\" height=\"650\" src=\"https:\/\/aavph.ro\/wp-content\/uploads\/2022\/12\/WhatsApp-Image-2022-12-08-at-09.53.40-1-650x650.jpeg\" class=\"attachment-qi_addons_for_elementor_image_size_square size-qi_addons_for_elementor_image_size_square\" alt=\"\" srcset=\"https:\/\/aavph.ro\/wp-content\/uploads\/2022\/12\/WhatsApp-Image-2022-12-08-at-09.53.40-1-650x650.jpeg 650w, https:\/\/aavph.ro\/wp-content\/uploads\/2022\/12\/WhatsApp-Image-2022-12-08-at-09.53.40-1-150x150.jpeg 150w\" sizes=\"(max-width: 650px) 100vw, 650px\" \/><\/a>\n\t\t\t<\/dt><\/dl><dl class='gallery-item'>\n\t\t\t<dt class='gallery-icon landscape'>\n\t\t\t\t<a data-elementor-open-lightbox=\"yes\" data-elementor-lightbox-slideshow=\"845ed2e\" data-elementor-lightbox-title=\"WhatsApp Image 2022-12-08 at 09.53.40 (3)\" data-e-action-hash=\"#elementor-action%3Aaction%3Dlightbox%26settings%3DeyJpZCI6Mjg2MCwidXJsIjoiaHR0cHM6XC9cL2FhdnBoLnJvXC93cC1jb250ZW50XC91cGxvYWRzXC8yMDIyXC8xMlwvV2hhdHNBcHAtSW1hZ2UtMjAyMi0xMi0wOC1hdC0wOS41My40MC0zLmpwZWciLCJzbGlkZXNob3ciOiI4NDVlZDJlIn0%3D\" href='https:\/\/aavph.ro\/wp-content\/uploads\/2022\/12\/WhatsApp-Image-2022-12-08-at-09.53.40-3.jpeg'><img loading=\"lazy\" decoding=\"async\" width=\"650\" height=\"650\" src=\"https:\/\/aavph.ro\/wp-content\/uploads\/2022\/12\/WhatsApp-Image-2022-12-08-at-09.53.40-3-650x650.jpeg\" class=\"attachment-qi_addons_for_elementor_image_size_square size-qi_addons_for_elementor_image_size_square\" alt=\"\" srcset=\"https:\/\/aavph.ro\/wp-content\/uploads\/2022\/12\/WhatsApp-Image-2022-12-08-at-09.53.40-3-650x650.jpeg 650w, https:\/\/aavph.ro\/wp-content\/uploads\/2022\/12\/WhatsApp-Image-2022-12-08-at-09.53.40-3-150x150.jpeg 150w\" sizes=\"(max-width: 650px) 100vw, 650px\" \/><\/a>\n\t\t\t<\/dt><\/dl><br style=\"clear: both\" \/>\n\t\t<\/div>\n\t\t<\/div>\n\t\t\t\t\t\t<\/div>\n\t\t\t\t<\/div>\n\t\t\t\t<div class=\"elementor-element elementor-element-e54185a elementor-widget elementor-widget-heading\" data-id=\"e54185a\" data-element_type=\"widget\" data-e-type=\"widget\" data-widget_type=\"heading.default\">\n\t\t\t\t<div class=\"elementor-widget-container\">\n\t\t\t\t\t<h4 class=\"elementor-heading-title elementor-size-default\">PRESEDINTE<\/h4>\t\t\t\t<\/div>\n\t\t\t\t<\/div>\n\t\t\t\t<div class=\"elementor-element elementor-element-931b94d elementor-widget elementor-widget-heading\" data-id=\"931b94d\" data-element_type=\"widget\" data-e-type=\"widget\" data-widget_type=\"heading.default\">\n\t\t\t\t<div class=\"elementor-widget-container\">\n\t\t\t\t\t<h3 class=\"elementor-heading-title elementor-size-default\">NICOLAE ANA MARIA<\/h3>\t\t\t\t<\/div>\n\t\t\t\t<\/div>\n\t\t\t\t<div class=\"elementor-element elementor-element-e489054 elementor-widget elementor-widget-heading\" data-id=\"e489054\" data-element_type=\"widget\" data-e-type=\"widget\" data-widget_type=\"heading.default\">\n\t\t\t\t<div class=\"elementor-widget-container\">\n\t\t\t\t\t<h4 class=\"elementor-heading-title elementor-size-default\">SECRETAR<\/h4>\t\t\t\t<\/div>\n\t\t\t\t<\/div>\n\t\t\t\t<div class=\"elementor-element elementor-element-6a42700 elementor-widget elementor-widget-heading\" data-id=\"6a42700\" data-element_type=\"widget\" data-e-type=\"widget\" data-widget_type=\"heading.default\">\n\t\t\t\t<div class=\"elementor-widget-container\">\n\t\t\t\t\t<h3 class=\"elementor-heading-title elementor-size-default\">MOISE LILIANA<\/h3>\t\t\t\t<\/div>\n\t\t\t\t<\/div>\n\t\t\t\t<div class=\"elementor-element elementor-element-85db759 elementor-widget elementor-widget-heading\" data-id=\"85db759\" data-element_type=\"widget\" data-e-type=\"widget\" data-widget_type=\"heading.default\">\n\t\t\t\t<div class=\"elementor-widget-container\">\n\t\t\t\t\t<h4 class=\"elementor-heading-title elementor-size-default\">MEMBRU<\/h4>\t\t\t\t<\/div>\n\t\t\t\t<\/div>\n\t\t\t\t<div class=\"elementor-element elementor-element-b71e525 elementor-widget elementor-widget-heading\" data-id=\"b71e525\" data-element_type=\"widget\" data-e-type=\"widget\" data-widget_type=\"heading.default\">\n\t\t\t\t<div class=\"elementor-widget-container\">\n\t\t\t\t\t<h3 class=\"elementor-heading-title elementor-size-default\">MOTOROIU CRISTIAN<\/h3>\t\t\t\t<\/div>\n\t\t\t\t<\/div>\n\t\t\t\t<div class=\"elementor-element elementor-element-3b1333f elementor-widget elementor-widget-heading\" data-id=\"3b1333f\" data-element_type=\"widget\" data-e-type=\"widget\" data-widget_type=\"heading.default\">\n\t\t\t\t<div class=\"elementor-widget-container\">\n\t\t\t\t\t<h4 class=\"elementor-heading-title elementor-size-default\">MEMBRU<\/h4>\t\t\t\t<\/div>\n\t\t\t\t<\/div>\n\t\t\t\t<div class=\"elementor-element elementor-element-8f27de8 elementor-widget elementor-widget-heading\" data-id=\"8f27de8\" data-element_type=\"widget\" data-e-type=\"widget\" data-widget_type=\"heading.default\">\n\t\t\t\t<div class=\"elementor-widget-container\">\n\t\t\t\t\t<h3 class=\"elementor-heading-title elementor-size-default\">RANDUNIC\u0102 VALENTIN<\/h3>\t\t\t\t<\/div>\n\t\t\t\t<\/div>\n\t\t\t\t\t<\/div>\n\t\t<\/div>\n\t\t\t\t\t<\/div>\n\t\t<\/section>\n\t\t\t\t<\/div>\n\t\t","protected":false},"excerpt":{"rendered":"<p>[rev_slider alias=&#8221;main-home&#8221; slidertitle=&#8221;Main home&#8221;][\/rev_slider] Asociatia noastra este Membr\u0103 fondatoare a Federa\u0163iei Asociatiilor Apicole din Rom\u00e2nia ROMAPIS membrii asociatiei noastre va stau la dispozitie cu orice informatie PRESEDINTE NICOLAE ANA MARIA SECRETAR MOISE LILIANA MEMBRU MOTOROIU CRISTIAN MEMBRU RANDUNIC\u0102 VALENTIN<\/p>\n","protected":false},"author":1,"featured_media":0,"parent":0,"menu_order":0,"comment_status":"closed","ping_status":"closed","template":"","meta":{"footnotes":""},"class_list":["post-1126","page","type-page","status-publish","hentry"],"_links":{"self":[{"href":"https:\/\/aavph.ro\/index.php\/wp-json\/wp\/v2\/pages\/1126","targetHints":{"allow":["GET"]}}],"collection":[{"href":"https:\/\/aavph.ro\/index.php\/wp-json\/wp\/v2\/pages"}],"about":[{"href":"https:\/\/aavph.ro\/index.php\/wp-json\/wp\/v2\/types\/page"}],"author":[{"embeddable":true,"href":"https:\/\/aavph.ro\/index.php\/wp-json\/wp\/v2\/users\/1"}],"replies":[{"embeddable":true,"href":"https:\/\/aavph.ro\/index.php\/wp-json\/wp\/v2\/comments?post=1126"}],"version-history":[{"count":59,"href":"https:\/\/aavph.ro\/index.php\/wp-json\/wp\/v2\/pages\/1126\/revisions"}],"predecessor-version":[{"id":3311,"href":"https:\/\/aavph.ro\/index.php\/wp-json\/wp\/v2\/pages\/1126\/revisions\/3311"}],"wp:attachment":[{"href":"https:\/\/aavph.ro\/index.php\/wp-json\/wp\/v2\/media?parent=1126"}],"curies":[{"name":"wp","href":"https:\/\/api.w.org\/{rel}","templated":true}]}}